{"version":"1.0","provider_name":"WFG Kreis Viersen","provider_url":"https:\/\/wfg-kreis-viersen.de\/en\/","author_name":"WfgAdmin","author_url":"https:\/\/wfg-kreis-viersen.de\/en\/author\/wfgadmin\/","title":"Connect & Act - Ausbildungsmesse (Grefrath) &#8211; WFG Kreis Viersen","type":"rich","width":600,"height":338,"html":"<blockquote class=\"wp-embedded-content\" data-secret=\"qMZH4s9hye\"><a href=\"https:\/\/wfg-kreis-viersen.de\/en\/veranstaltungen\/connect-act-ausbildungsmesse-grefrath\/\">Connect &#038; Act &#8211; Ausbildungsmesse (Grefrath)<\/a><\/blockquote><iframe sandbox=\"allow-scripts\" security=\"restricted\" src=\"https:\/\/wfg-kreis-viersen.de\/en\/veranstaltungen\/connect-act-ausbildungsmesse-grefrath\/embed\/#?secret=qMZH4s9hye\" width=\"600\" height=\"338\" title=\"&#8220;Connect &#038; Act &#8211; Ausbildungsmesse (Grefrath)&#8221; &#8212; WFG Kreis Viersen\" data-secret=\"qMZH4s9hye\" frameborder=\"0\" marginwidth=\"0\" marginheight=\"0\" scrolling=\"no\" class=\"wp-embedded-content\"><\/iframe><script>\n\/*! This file is auto-generated *\/\n!function(d,l){\"use strict\";l.querySelector&&d.addEventListener&&\"undefined\"!=typeof URL&&(d.wp=d.wp||{},d.wp.receiveEmbedMessage||(d.wp.receiveEmbedMessage=function(e){var t=e.data;if((t||t.secret||t.message||t.value)&&!\/[^a-zA-Z0-9]\/.test(t.secret)){for(var s,r,n,a=l.querySelectorAll('iframe[data-secret=\"'+t.secret+'\"]'),o=l.querySelectorAll('blockquote[data-secret=\"'+t.secret+'\"]'),c=new RegExp(\"^https?:$\",\"i\"),i=0;i<o.length;i++)o[i].style.display=\"none\";for(i=0;i<a.length;i++)s=a[i],e.source===s.contentWindow&&(s.removeAttribute(\"style\"),\"height\"===t.message?(1e3<(r=parseInt(t.value,10))?r=1e3:~~r<200&&(r=200),s.height=r):\"link\"===t.message&&(r=new URL(s.getAttribute(\"src\")),n=new URL(t.value),c.test(n.protocol))&&n.host===r.host&&l.activeElement===s&&(d.top.location.href=t.value))}},d.addEventListener(\"message\",d.wp.receiveEmbedMessage,!1),l.addEventListener(\"DOMContentLoaded\",function(){for(var e,t,s=l.querySelectorAll(\"iframe.wp-embedded-content\"),r=0;r<s.length;r++)(t=(e=s[r]).getAttribute(\"data-secret\"))||(t=Math.random().toString(36).substring(2,12),e.src+=\"#?secret=\"+t,e.setAttribute(\"data-secret\",t)),e.contentWindow.postMessage({message:\"ready\",secret:t},\"*\")},!1)))}(window,document);\n<\/script>\n","thumbnail_url":"https:\/\/wfg-kreis-viersen.de\/wp-content\/uploads\/2023\/12\/97089-Logo-ConnectAct_DR_Web.png","thumbnail_width":1352,"thumbnail_height":650,"description":"\u201eUnternehmerBiss meets school!\u201c Am 07. April 2025 von 09 &#8211; 12 Uhr findet in gemeinsamer Kooperation der Wirtschaftsf\u00f6rderung der Gemeinde Grefrath und der Schule an der Dorenburg wieder die Grefrather Ausbildungsmesse statt. Auf dem Schulgel\u00e4nde haben Sie die M\u00f6glichkeit Ihren Betrieb zu pr\u00e4sentieren und mit den Jugendlichen ins Gespr\u00e4ch kommen. Es nehmen ca. 150 Sch\u00fcler*innen [&hellip;]"}

„UnternehmerBiss meets school!“ Am 07. April 2025 von 09 &#8211; 12 Uhr findet in gemeinsamer Kooperation der Wirtschaftsförderung der Gemeinde Grefrath und der Schule an der Dorenburg wieder die Grefrather Ausbildungsmesse statt. Auf dem Schulgelände haben Sie die Möglichkeit Ihren Betrieb zu präsentieren und mit den Jugendlichen ins Gespräch kommen. Es nehmen ca. 150 Schüler*innen [&hellip;]
