{"version":"1.0","provider_name":"WFG Kreis Viersen","provider_url":"https:\/\/wfg-kreis-viersen.de\/en\/","author_name":"Anastasia Araktsidou","author_url":"https:\/\/wfg-kreis-viersen.de\/en\/author\/anastasia-araktsidou\/","title":"Karrieremesse Niederrhein 2023 &#8211; WFG Kreis Viersen","type":"rich","width":600,"height":338,"html":"<blockquote class=\"wp-embedded-content\" data-secret=\"TnoOzPHCfg\"><a href=\"https:\/\/wfg-kreis-viersen.de\/en\/veranstaltungen\/karrieremesse-niederrhein-2023\/\">Karrieremesse Niederrhein 2023<\/a><\/blockquote><iframe sandbox=\"allow-scripts\" security=\"restricted\" src=\"https:\/\/wfg-kreis-viersen.de\/en\/veranstaltungen\/karrieremesse-niederrhein-2023\/embed\/#?secret=TnoOzPHCfg\" width=\"600\" height=\"338\" title=\"&#8220;Karrieremesse Niederrhein 2023&#8221; &#8212; WFG Kreis Viersen\" data-secret=\"TnoOzPHCfg\" frameborder=\"0\" marginwidth=\"0\" marginheight=\"0\" scrolling=\"no\" class=\"wp-embedded-content\"><\/iframe><script>\n\/*! This file is auto-generated *\/\n!function(d,l){\"use strict\";l.querySelector&&d.addEventListener&&\"undefined\"!=typeof URL&&(d.wp=d.wp||{},d.wp.receiveEmbedMessage||(d.wp.receiveEmbedMessage=function(e){var t=e.data;if((t||t.secret||t.message||t.value)&&!\/[^a-zA-Z0-9]\/.test(t.secret)){for(var s,r,n,a=l.querySelectorAll('iframe[data-secret=\"'+t.secret+'\"]'),o=l.querySelectorAll('blockquote[data-secret=\"'+t.secret+'\"]'),c=new RegExp(\"^https?:$\",\"i\"),i=0;i<o.length;i++)o[i].style.display=\"none\";for(i=0;i<a.length;i++)s=a[i],e.source===s.contentWindow&&(s.removeAttribute(\"style\"),\"height\"===t.message?(1e3<(r=parseInt(t.value,10))?r=1e3:~~r<200&&(r=200),s.height=r):\"link\"===t.message&&(r=new URL(s.getAttribute(\"src\")),n=new URL(t.value),c.test(n.protocol))&&n.host===r.host&&l.activeElement===s&&(d.top.location.href=t.value))}},d.addEventListener(\"message\",d.wp.receiveEmbedMessage,!1),l.addEventListener(\"DOMContentLoaded\",function(){for(var e,t,s=l.querySelectorAll(\"iframe.wp-embedded-content\"),r=0;r<s.length;r++)(t=(e=s[r]).getAttribute(\"data-secret\"))||(t=Math.random().toString(36).substring(2,12),e.src+=\"#?secret=\"+t,e.setAttribute(\"data-secret\",t)),e.contentWindow.postMessage({message:\"ready\",secret:t},\"*\")},!1)))}(window,document);\n<\/script>\n","thumbnail_url":"https:\/\/wfg-kreis-viersen.de\/wp-content\/uploads\/2022\/12\/Logo-Karrieremesse.jpg","thumbnail_width":353,"thumbnail_height":200,"description":"Vom 20. \u2013 21. Januar sind wir auf der neuen Karrieremesse in Kalkar vertreten. Unter dem Dach der WFG k\u00f6nnen sich Unternehmen aus dem Kreis Viersen kostenlos als attraktiver Arbeitgeber pr\u00e4sentieren. In Zeiten des Fachkr\u00e4ftemangels erhalten Unternehmen so eine zus\u00e4tzliche Plattform, um \u00fcber die Kreisgrenze hinaus bekannter und sichtbarer zu werden."}

Vom 20. – 21. Januar sind wir auf der neuen Karrieremesse in Kalkar vertreten. Unter dem Dach der WFG können sich Unternehmen aus dem Kreis Viersen kostenlos als attraktiver Arbeitgeber präsentieren. In Zeiten des Fachkräftemangels erhalten Unternehmen so eine zusätzliche Plattform, um über die Kreisgrenze hinaus bekannter und sichtbarer zu werden.
