{"version":"1.0","provider_name":"WFG Kreis Viersen","provider_url":"https:\/\/wfg-kreis-viersen.de\/en\/","author_name":"WfgAdmin","author_url":"https:\/\/wfg-kreis-viersen.de\/en\/author\/wfgadmin\/","title":"Megatrends und regionaler Mittelstand \u2013 Quo vadis? &#8211; WFG Kreis Viersen","type":"rich","width":600,"height":338,"html":"<blockquote class=\"wp-embedded-content\" data-secret=\"kmpjP7u8IS\"><a href=\"https:\/\/wfg-kreis-viersen.de\/en\/veranstaltungen\/megatrends-und-regionaler-mittelstand-quo-vadis\/\">Megatrends und regionaler Mittelstand \u2013 Quo vadis?<\/a><\/blockquote><iframe sandbox=\"allow-scripts\" security=\"restricted\" src=\"https:\/\/wfg-kreis-viersen.de\/en\/veranstaltungen\/megatrends-und-regionaler-mittelstand-quo-vadis\/embed\/#?secret=kmpjP7u8IS\" width=\"600\" height=\"338\" title=\"&#8220;Megatrends und regionaler Mittelstand \u2013 Quo vadis?&#8221; &#8212; WFG Kreis Viersen\" data-secret=\"kmpjP7u8IS\" frameborder=\"0\" marginwidth=\"0\" marginheight=\"0\" scrolling=\"no\" class=\"wp-embedded-content\"><\/iframe><script>\n\/*! This file is auto-generated *\/\n!function(d,l){\"use strict\";l.querySelector&&d.addEventListener&&\"undefined\"!=typeof URL&&(d.wp=d.wp||{},d.wp.receiveEmbedMessage||(d.wp.receiveEmbedMessage=function(e){var t=e.data;if((t||t.secret||t.message||t.value)&&!\/[^a-zA-Z0-9]\/.test(t.secret)){for(var s,r,n,a=l.querySelectorAll('iframe[data-secret=\"'+t.secret+'\"]'),o=l.querySelectorAll('blockquote[data-secret=\"'+t.secret+'\"]'),c=new RegExp(\"^https?:$\",\"i\"),i=0;i<o.length;i++)o[i].style.display=\"none\";for(i=0;i<a.length;i++)s=a[i],e.source===s.contentWindow&&(s.removeAttribute(\"style\"),\"height\"===t.message?(1e3<(r=parseInt(t.value,10))?r=1e3:~~r<200&&(r=200),s.height=r):\"link\"===t.message&&(r=new URL(s.getAttribute(\"src\")),n=new URL(t.value),c.test(n.protocol))&&n.host===r.host&&l.activeElement===s&&(d.top.location.href=t.value))}},d.addEventListener(\"message\",d.wp.receiveEmbedMessage,!1),l.addEventListener(\"DOMContentLoaded\",function(){for(var e,t,s=l.querySelectorAll(\"iframe.wp-embedded-content\"),r=0;r<s.length;r++)(t=(e=s[r]).getAttribute(\"data-secret\"))||(t=Math.random().toString(36).substring(2,12),e.src+=\"#?secret=\"+t,e.setAttribute(\"data-secret\",t)),e.contentWindow.postMessage({message:\"ready\",secret:t},\"*\")},!1)))}(window,document);\n<\/script>\n","thumbnail_url":"https:\/\/wfg-kreis-viersen.de\/wp-content\/uploads\/2022\/02\/FMN_Foto-5-Rathaus-Nettetal.jpg","thumbnail_width":1000,"thumbnail_height":600,"description":"Ein Megatrend jagt den anderen. Globalisierung, Digitalisierung, Gesundheit, Nachhaltigkeit und der demographische Wandel ver\u00e4ndern unsere Gesellschaft und die Arbeitswelt. Diese mannigfaltigen Einfl\u00fcsse sind eine besondere Herausforderung f\u00fcr den regionalen Mittelstand. Welche sind das? Welche Handlungsoptionen, u. a. neue Technologien, bieten sich? Begr\u00fc\u00dfung: Christian K\u00fcsters, BM Stadt Nettetal Impuls: Christine Ro\u00dfkothen, Leitung CSR Trox GmbH Podium: [&hellip;]"}

Ein Megatrend jagt den anderen. Globalisierung, Digitalisierung, Gesundheit, Nachhaltigkeit und der demographische Wandel verändern unsere Gesellschaft und die Arbeitswelt. Diese mannigfaltigen Einflüsse sind eine besondere Herausforderung für den regionalen Mittelstand. Welche sind das? Welche Handlungsoptionen, u. a. neue Technologien, bieten sich? Begrüßung: Christian Küsters, BM Stadt Nettetal Impuls: Christine Roßkothen, Leitung CSR Trox GmbH Podium: [&hellip;]
